{"id":66,"date":"2017-06-12T18:07:41","date_gmt":"2017-06-12T16:07:41","guid":{"rendered":"http:\/\/www.buchstart.at\/materialien\/?post_type=product&#038;p=66"},"modified":"2025-03-03T08:36:10","modified_gmt":"2025-03-03T07:36:10","slug":"buchstart-baumwolltasche-2","status":"publish","type":"product","link":"https:\/\/www.buchstart.at\/materialien\/?product=buchstart-baumwolltasche-2","title":{"rendered":"Buchstart-Baumwolltasche gro\u00df, OEKO-TEX Bio-Baumwolle"},"content":{"rendered":"<p>Packung zu 10 St\u00fcck, mit einem Motiv von Helga Bansch, Gr\u00f6\u00dfe 38 x 42 cm,<br \/>\nOEKO-TEX Bio-Baumwolle, gewebt und gefertigt in Europa,<br \/>\nTasche rot, Druckfarbe wei\u00df<\/p>\n","protected":false},"excerpt":{"rendered":"<p>Packung zu 10 St\u00fcck, Bio-Baumwolle rot<\/p>\n<p><span style=\"color: #ff0000;\"><strong>\u00a0<\/strong><\/span><\/p>\n","protected":false},"featured_media":64,"template":"","meta":[],"product_cat":[35,33],"product_tag":[],"_links":{"self":[{"href":"https:\/\/www.buchstart.at\/materialien\/index.php?rest_route=\/wp\/v2\/product\/66"}],"collection":[{"href":"https:\/\/www.buchstart.at\/materialien\/index.php?rest_route=\/wp\/v2\/product"}],"about":[{"href":"https:\/\/www.buchstart.at\/materialien\/index.php?rest_route=\/wp\/v2\/types\/product"}],"wp:featuredmedia":[{"embeddable":true,"href":"https:\/\/www.buchstart.at\/materialien\/index.php?rest_route=\/wp\/v2\/media\/64"}],"wp:attachment":[{"href":"https:\/\/www.buchstart.at\/materialien\/index.php?rest_route=%2Fwp%2Fv2%2Fmedia&parent=66"}],"wp:term":[{"taxonomy":"product_cat","embeddable":true,"href":"https:\/\/www.buchstart.at\/materialien\/index.php?rest_route=%2Fwp%2Fv2%2Fproduct_cat&post=66"},{"taxonomy":"product_tag","embeddable":true,"href":"https:\/\/www.buchstart.at\/materialien\/index.php?rest_route=%2Fwp%2Fv2%2Fproduct_tag&post=66"}],"curies":[{"name":"wp","href":"https:\/\/api.w.org\/{rel}","templated":true}]}}