{"id":365,"date":"2017-11-15T16:54:32","date_gmt":"2017-11-15T15:54:32","guid":{"rendered":"http:\/\/www.buchstart.at\/materialien\/?post_type=product&#038;p=365"},"modified":"2017-11-15T16:54:32","modified_gmt":"2017-11-15T15:54:32","slug":"wo-die-wilden-kerle-wohnen","status":"publish","type":"product","link":"https:\/\/www.buchstart.at\/materialien\/?product=wo-die-wilden-kerle-wohnen","title":{"rendered":"Wo die wilden Kerle wohnen"},"content":{"rendered":"<p>Maurice Sendak<\/p>\n<p>Max, angetan mit einem Wolfskost\u00fcm, ist unartig und wird von seiner Mutter ohne Essen ins Bett gesteckt. Da w\u00e4chst in seinem Zimmer pl\u00f6tzlich ein Wald und Max trifft auf die wilden Kerle. Und der wildeste von allen ist &#8211; Max!<br \/>\n\/ Dias<\/p>\n<p><span style=\"color: #ff0000;\">Verleihkonditionen:<\/span><\/p>\n<p><span style=\"color: #ff0000;\">Mitgliedsbibliotheken k\u00f6nnen bis zu zwei Bilderbuchkinos gleichzeitig entlehnen. Die Entlehnfrist betr\u00e4gt 14 Tage. Bitte vermerken Sie in den Bestellnotizen bis zu welchem Zeitpunkt das Bilderbuchkino bei Ihnen eingelangt sein sollte. Nach Absenden Ihrer Anfrage pr\u00fcfen wir die Verf\u00fcgbarkeit und senden Ihnen ein Best\u00e4tigungsmail. Die Kosten f\u00fcr die Zusendung \u00fcbernimmt das \u00d6sterreichische Bibliothekswerk, das Porto f\u00fcr die R\u00fccksendung tr\u00e4gt Ihre Bibliothek.<\/span><\/p>\n","protected":false},"excerpt":{"rendered":"<p>Verleih<\/p>\n","protected":false},"featured_media":350,"template":"","meta":[],"product_cat":[54],"product_tag":[],"_links":{"self":[{"href":"https:\/\/www.buchstart.at\/materialien\/index.php?rest_route=\/wp\/v2\/product\/365"}],"collection":[{"href":"https:\/\/www.buchstart.at\/materialien\/index.php?rest_route=\/wp\/v2\/product"}],"about":[{"href":"https:\/\/www.buchstart.at\/materialien\/index.php?rest_route=\/wp\/v2\/types\/product"}],"wp:featuredmedia":[{"embeddable":true,"href":"https:\/\/www.buchstart.at\/materialien\/index.php?rest_route=\/wp\/v2\/media\/350"}],"wp:attachment":[{"href":"https:\/\/www.buchstart.at\/materialien\/index.php?rest_route=%2Fwp%2Fv2%2Fmedia&parent=365"}],"wp:term":[{"taxonomy":"product_cat","embeddable":true,"href":"https:\/\/www.buchstart.at\/materialien\/index.php?rest_route=%2Fwp%2Fv2%2Fproduct_cat&post=365"},{"taxonomy":"product_tag","embeddable":true,"href":"https:\/\/www.buchstart.at\/materialien\/index.php?rest_route=%2Fwp%2Fv2%2Fproduct_tag&post=365"}],"curies":[{"name":"wp","href":"https:\/\/api.w.org\/{rel}","templated":true}]}}

<p>Maurice Sendak</p>
<p>Max, angetan mit einem Wolfskostüm, ist unartig und wird von seiner Mutter ohne Essen ins Bett gesteckt. Da wächst in seinem Zimmer plötzlich ein Wald und Max trifft auf die wilden Kerle. Und der wildeste von allen ist &#8211; Max!<br />
/ Dias</p>
<p><span style="color: #ff0000;">Verleihkonditionen:</span></p>
<p><span style="color: #ff0000;">Mitgliedsbibliotheken können bis zu zwei Bilderbuchkinos gleichzeitig entlehnen. Die Entlehnfrist beträgt 14 Tage. Bitte vermerken Sie in den Bestellnotizen bis zu welchem Zeitpunkt das Bilderbuchkino bei Ihnen eingelangt sein sollte. Nach Absenden Ihrer Anfrage prüfen wir die Verfügbarkeit und senden Ihnen ein Bestätigungsmail. Die Kosten für die Zusendung übernimmt das Österreichische Bibliothekswerk, das Porto für die Rücksendung trägt Ihre Bibliothek.</span></p>
