{"id":356,"date":"2017-11-15T16:28:49","date_gmt":"2017-11-15T15:28:49","guid":{"rendered":"http:\/\/www.buchstart.at\/materialien\/?post_type=product&#038;p=356"},"modified":"2017-12-14T08:55:02","modified_gmt":"2017-12-14T07:55:02","slug":"lisa-will-einen-hund-lisa-bir-koepek-istiyor","status":"publish","type":"product","link":"https:\/\/www.buchstart.at\/materialien\/?product=lisa-will-einen-hund-lisa-bir-koepek-istiyor","title":{"rendered":"Lisa will einen Hund = Lisa bir k\u00f6pek istiyor"},"content":{"rendered":"<p>Helga Bansch<\/p>\n<p>Wie viele Kinder w\u00fcnscht sich Lisa nichts mehr als einen Hund &#8211; zum Geburtstag, zu Weihnachten, einfach immer. Doch die Eltern bleiben hart. Dann hat Lisa eine tolle Idee und beschlie\u00dft, die Sache selbst in die Hand zu nehmen &#8230; Ab 4 Jahren<br \/>\nBilderbuch: deutsch-t\u00fcrkisch.<br \/>\n\/ DVD und Film in 8 Sprachen<\/p>\n<p><span style=\"color: #ff0000;\">Verleihkonditionen:<\/span><\/p>\n<p><span style=\"color: #ff0000;\">Mitgliedsbibliotheken k\u00f6nnen bis zu zwei Bilderbuchkinos gleichzeitig entlehnen. Die Entlehnfrist betr\u00e4gt 14 Tage. Bitte vermerken Sie in den Bestellnotizen bis zu welchem Zeitpunkt das Bilderbuchkino bei Ihnen eingelangt sein sollte. Nach Absenden Ihrer Anfrage pr\u00fcfen wir die Verf\u00fcgbarkeit und senden Ihnen ein Best\u00e4tigungsmail. Die Kosten f\u00fcr die Zusendung \u00fcbernimmt das \u00d6sterreichische Bibliothekswerk, das Porto f\u00fcr die R\u00fccksendung tr\u00e4gt Ihre Bibliothek.<\/span><\/p>\n","protected":false},"excerpt":{"rendered":"<p>Verleih<\/p>\n","protected":false},"featured_media":338,"template":"","meta":[],"product_cat":[53],"product_tag":[],"_links":{"self":[{"href":"https:\/\/www.buchstart.at\/materialien\/index.php?rest_route=\/wp\/v2\/product\/356"}],"collection":[{"href":"https:\/\/www.buchstart.at\/materialien\/index.php?rest_route=\/wp\/v2\/product"}],"about":[{"href":"https:\/\/www.buchstart.at\/materialien\/index.php?rest_route=\/wp\/v2\/types\/product"}],"wp:featuredmedia":[{"embeddable":true,"href":"https:\/\/www.buchstart.at\/materialien\/index.php?rest_route=\/wp\/v2\/media\/338"}],"wp:attachment":[{"href":"https:\/\/www.buchstart.at\/materialien\/index.php?rest_route=%2Fwp%2Fv2%2Fmedia&parent=356"}],"wp:term":[{"taxonomy":"product_cat","embeddable":true,"href":"https:\/\/www.buchstart.at\/materialien\/index.php?rest_route=%2Fwp%2Fv2%2Fproduct_cat&post=356"},{"taxonomy":"product_tag","embeddable":true,"href":"https:\/\/www.buchstart.at\/materialien\/index.php?rest_route=%2Fwp%2Fv2%2Fproduct_tag&post=356"}],"curies":[{"name":"wp","href":"https:\/\/api.w.org\/{rel}","templated":true}]}}

Lisa will einen Hund = Lisa bir köpek istiyor

<p>Helga Bansch</p>
<p>Wie viele Kinder wünscht sich Lisa nichts mehr als einen Hund &#8211; zum Geburtstag, zu Weihnachten, einfach immer. Doch die Eltern bleiben hart. Dann hat Lisa eine tolle Idee und beschließt, die Sache selbst in die Hand zu nehmen &#8230; Ab 4 Jahren<br />
Bilderbuch: deutsch-türkisch.<br />
/ DVD und Film in 8 Sprachen</p>
<p><span style="color: #ff0000;">Verleihkonditionen:</span></p>
<p><span style="color: #ff0000;">Mitgliedsbibliotheken können bis zu zwei Bilderbuchkinos gleichzeitig entlehnen. Die Entlehnfrist beträgt 14 Tage. Bitte vermerken Sie in den Bestellnotizen bis zu welchem Zeitpunkt das Bilderbuchkino bei Ihnen eingelangt sein sollte. Nach Absenden Ihrer Anfrage prüfen wir die Verfügbarkeit und senden Ihnen ein Bestätigungsmail. Die Kosten für die Zusendung übernimmt das Österreichische Bibliothekswerk, das Porto für die Rücksendung trägt Ihre Bibliothek.</span></p>
