{"id":355,"date":"2017-11-15T16:26:28","date_gmt":"2017-11-15T15:26:28","guid":{"rendered":"http:\/\/www.buchstart.at\/materialien\/?post_type=product&#038;p=355"},"modified":"2026-04-22T09:41:49","modified_gmt":"2026-04-22T07:41:49","slug":"guter-drache-und-boeser-drache","status":"publish","type":"product","link":"https:\/\/www.buchstart.at\/materialien\/?product=guter-drache-und-boeser-drache","title":{"rendered":"Guter Drache und b\u00f6ser Drache"},"content":{"rendered":"<p>Christine N\u00f6stlinger, Jens Rassmus<\/p>\n<p>Florian hat zwei Drachen, einen guten und einen b\u00f6sen. Nur er kann sie sehen, sonst keiner! Guter Drache und B\u00f6ser Drache sind immer f\u00fcr Florian da. Zusammen sind die drei unschlagbar. Als es in den Urlaub gehen soll, gibt es eine \u00dcberraschung: Die Drachen haben Angst vor dem Meer! Zum Gl\u00fcck hat Florians Mutter eine gute Idee: Drachenschwimmfl\u00fcgel m\u00fcssen her! Wo man die bestellt? Im Internet, nat\u00fcrlich! Und so ausger\u00fcstet, mit Spa\u00df und unsichtbaren Schwimmfl\u00fcgeln, macht Florian seinen Drachen Mut, etwas Neues auszuprobieren. Eine herzerfrischende Bilderbuchgeschichte \u00fcbers Mutigsein und Mutmachen, so unnachahmlich klug und witzig, wie nur Christine N\u00f6stlinger sie erz\u00e4hlen kann. Mit traumhaften Zeichnungen von Jens Rassmus, in denen Kinder und Erwachsene versinken werden. Ab 5 Jahren<br \/>\n\/ Dias und DVD<\/p>\n<p><span style=\"color: #ff0000;\">Verleihkonditionen:<\/span><\/p>\n<p><span style=\"color: #ff0000;\">Mitgliedsbibliotheken k\u00f6nnen bis zu zwei Bilderbuchkinos gleichzeitig entlehnen. Die Entlehnfrist betr\u00e4gt 14 Tage. Bitte vermerken Sie in den Bestellnotizen bis zu welchem Zeitpunkt das Bilderbuchkino bei Ihnen eingelangt sein sollte. Nach Absenden Ihrer Anfrage pr\u00fcfen wir die Verf\u00fcgbarkeit und senden Ihnen ein Best\u00e4tigungsmail. Die Kosten f\u00fcr die Zusendung \u00fcbernimmt das \u00d6sterreichische Bibliothekswerk, das Porto f\u00fcr die R\u00fccksendung tr\u00e4gt Ihre Bibliothek.<\/span><\/p>\n","protected":false},"excerpt":{"rendered":"<p>Verleih<\/p>\n","protected":false},"featured_media":330,"template":"","meta":[],"product_cat":[54,53],"product_tag":[],"_links":{"self":[{"href":"https:\/\/www.buchstart.at\/materialien\/index.php?rest_route=\/wp\/v2\/product\/355"}],"collection":[{"href":"https:\/\/www.buchstart.at\/materialien\/index.php?rest_route=\/wp\/v2\/product"}],"about":[{"href":"https:\/\/www.buchstart.at\/materialien\/index.php?rest_route=\/wp\/v2\/types\/product"}],"wp:featuredmedia":[{"embeddable":true,"href":"https:\/\/www.buchstart.at\/materialien\/index.php?rest_route=\/wp\/v2\/media\/330"}],"wp:attachment":[{"href":"https:\/\/www.buchstart.at\/materialien\/index.php?rest_route=%2Fwp%2Fv2%2Fmedia&parent=355"}],"wp:term":[{"taxonomy":"product_cat","embeddable":true,"href":"https:\/\/www.buchstart.at\/materialien\/index.php?rest_route=%2Fwp%2Fv2%2Fproduct_cat&post=355"},{"taxonomy":"product_tag","embeddable":true,"href":"https:\/\/www.buchstart.at\/materialien\/index.php?rest_route=%2Fwp%2Fv2%2Fproduct_tag&post=355"}],"curies":[{"name":"wp","href":"https:\/\/api.w.org\/{rel}","templated":true}]}}