{"id":354,"date":"2017-11-15T16:23:37","date_gmt":"2017-11-15T15:23:37","guid":{"rendered":"http:\/\/www.buchstart.at\/materialien\/?post_type=product&#038;p=354"},"modified":"2017-12-14T08:58:58","modified_gmt":"2017-12-14T07:58:58","slug":"der-wunderbarste-platz-der-welt","status":"publish","type":"product","link":"https:\/\/www.buchstart.at\/materialien\/?product=der-wunderbarste-platz-der-welt","title":{"rendered":"Der wunderbarste Platz der Welt"},"content":{"rendered":"<p>Jens Rassmus<\/p>\n<p>Frosch Boris hat sich gut eingerichtet an seinem kleinen Teich. Doch eines Tages ist die Idylle bedroht: Ein riesiger dunkler Schatten senkt sich \u00fcber den friedlich im Sonnenschein liegenden Teich. Der Storch! Jetzt aber nichts wie weg hier, denkt Boris und macht sich auf die Suche nach einer neuen Bleibe. Aber das ist gar nicht so einfach, denn die anderen Tiere halten nichts davon, ihr Revier mit Boris zu teilen. Ob da Verkleiden hilft?<br \/>\nEine Geschichte \u00fcber die Angst vor dem Anderen, \u00fcber Asylsuche und Heimkehr. Ab 5 Jahren<br \/>\n\/ DVD und Dias<\/p>\n<p><span style=\"color: #ff0000;\">Verleihkonditionen:<\/span><\/p>\n<p><span style=\"color: #ff0000;\">Mitgliedsbibliotheken k\u00f6nnen bis zu zwei Bilderbuchkinos gleichzeitig entlehnen. Die Entlehnfrist betr\u00e4gt 14 Tage. Bitte vermerken Sie in den Bestellnotizen bis zu welchem Zeitpunkt das Bilderbuchkino bei Ihnen eingelangt sein sollte. Nach Absenden Ihrer Anfrage pr\u00fcfen wir die Verf\u00fcgbarkeit und senden Ihnen ein Best\u00e4tigungsmail. Die Kosten f\u00fcr die Zusendung \u00fcbernimmt das \u00d6sterreichische Bibliothekswerk, das Porto f\u00fcr die R\u00fccksendung tr\u00e4gt Ihre Bibliothek.<\/span><\/p>\n","protected":false},"excerpt":{"rendered":"<p>Verleih<\/p>\n","protected":false},"featured_media":349,"template":"","meta":[],"product_cat":[54,53],"product_tag":[],"_links":{"self":[{"href":"https:\/\/www.buchstart.at\/materialien\/index.php?rest_route=\/wp\/v2\/product\/354"}],"collection":[{"href":"https:\/\/www.buchstart.at\/materialien\/index.php?rest_route=\/wp\/v2\/product"}],"about":[{"href":"https:\/\/www.buchstart.at\/materialien\/index.php?rest_route=\/wp\/v2\/types\/product"}],"wp:featuredmedia":[{"embeddable":true,"href":"https:\/\/www.buchstart.at\/materialien\/index.php?rest_route=\/wp\/v2\/media\/349"}],"wp:attachment":[{"href":"https:\/\/www.buchstart.at\/materialien\/index.php?rest_route=%2Fwp%2Fv2%2Fmedia&parent=354"}],"wp:term":[{"taxonomy":"product_cat","embeddable":true,"href":"https:\/\/www.buchstart.at\/materialien\/index.php?rest_route=%2Fwp%2Fv2%2Fproduct_cat&post=354"},{"taxonomy":"product_tag","embeddable":true,"href":"https:\/\/www.buchstart.at\/materialien\/index.php?rest_route=%2Fwp%2Fv2%2Fproduct_tag&post=354"}],"curies":[{"name":"wp","href":"https:\/\/api.w.org\/{rel}","templated":true}]}}

<p>Jens Rassmus</p>
<p>Frosch Boris hat sich gut eingerichtet an seinem kleinen Teich. Doch eines Tages ist die Idylle bedroht: Ein riesiger dunkler Schatten senkt sich über den friedlich im Sonnenschein liegenden Teich. Der Storch! Jetzt aber nichts wie weg hier, denkt Boris und macht sich auf die Suche nach einer neuen Bleibe. Aber das ist gar nicht so einfach, denn die anderen Tiere halten nichts davon, ihr Revier mit Boris zu teilen. Ob da Verkleiden hilft?<br />
Eine Geschichte über die Angst vor dem Anderen, über Asylsuche und Heimkehr. Ab 5 Jahren<br />
/ DVD und Dias</p>
<p><span style="color: #ff0000;">Verleihkonditionen:</span></p>
<p><span style="color: #ff0000;">Mitgliedsbibliotheken können bis zu zwei Bilderbuchkinos gleichzeitig entlehnen. Die Entlehnfrist beträgt 14 Tage. Bitte vermerken Sie in den Bestellnotizen bis zu welchem Zeitpunkt das Bilderbuchkino bei Ihnen eingelangt sein sollte. Nach Absenden Ihrer Anfrage prüfen wir die Verfügbarkeit und senden Ihnen ein Bestätigungsmail. Die Kosten für die Zusendung übernimmt das Österreichische Bibliothekswerk, das Porto für die Rücksendung trägt Ihre Bibliothek.</span></p>
