{"id":352,"date":"2017-11-15T16:17:55","date_gmt":"2017-11-15T15:17:55","guid":{"rendered":"http:\/\/www.buchstart.at\/materialien\/?post_type=product&#038;p=352"},"modified":"2017-12-14T08:52:07","modified_gmt":"2017-12-14T07:52:07","slug":"die-rabenrosa","status":"publish","type":"product","link":"https:\/\/www.buchstart.at\/materialien\/?product=die-rabenrosa","title":{"rendered":"Die Rabenrosa"},"content":{"rendered":"<p>Helga Bansch<\/p>\n<p>Im Rabennest, hoch oben auf dem Baum, ist einiges los \u2013 die Jungen schl\u00fcpfen! Sie werden gef\u00fcttert, wachsen und kr\u00e4chzen um die Wette. Eines der Kinder sieht v\u00f6llig anders aus als die anderen. Es hat keine Federn und kann nicht fliegen. \u201eUnsere kleine Rosa\u201c, sagt Mama liebevoll.<br \/>\nDie Bewohner aus der Umgebung sind hilfreich und sagen, was alles zu tun ist, damit Rosa so wird wie ihre Geschwister. Aber Rosa wird das bald zu dumm. Sie entdeckt, dass sie eigene F\u00e4higkeiten hat und dass sich \u2013 wenn sie offen auf andere zugeht \u2013 ganz neue Welten f\u00fcr sie auftun. Ab 4 Jahren<br \/>\n\/\u00a0 DVD<\/p>\n<p><span style=\"color: #ff0000;\">Verleihkonditionen:<\/span><\/p>\n<p><span style=\"color: #ff0000;\">Mitgliedsbibliotheken k\u00f6nnen bis zu zwei Bilderbuchkinos gleichzeitig entlehnen. Die Entlehnfrist betr\u00e4gt 14 Tage. Bitte vermerken Sie in den Bestellnotizen bis zu welchem Zeitpunkt das Bilderbuchkino bei Ihnen eingelangt sein sollte. Nach Absenden Ihrer Anfrage pr\u00fcfen wir die Verf\u00fcgbarkeit und senden Ihnen ein Best\u00e4tigungsmail. Die Kosten f\u00fcr die Zusendung \u00fcbernimmt das \u00d6sterreichische Bibliothekswerk, das Porto f\u00fcr die R\u00fccksendung tr\u00e4gt Ihre Bibliothek.<\/span><\/p>\n","protected":false},"excerpt":{"rendered":"<p>Verleih<\/p>\n","protected":false},"featured_media":343,"template":"","meta":[],"product_cat":[53],"product_tag":[],"_links":{"self":[{"href":"https:\/\/www.buchstart.at\/materialien\/index.php?rest_route=\/wp\/v2\/product\/352"}],"collection":[{"href":"https:\/\/www.buchstart.at\/materialien\/index.php?rest_route=\/wp\/v2\/product"}],"about":[{"href":"https:\/\/www.buchstart.at\/materialien\/index.php?rest_route=\/wp\/v2\/types\/product"}],"wp:featuredmedia":[{"embeddable":true,"href":"https:\/\/www.buchstart.at\/materialien\/index.php?rest_route=\/wp\/v2\/media\/343"}],"wp:attachment":[{"href":"https:\/\/www.buchstart.at\/materialien\/index.php?rest_route=%2Fwp%2Fv2%2Fmedia&parent=352"}],"wp:term":[{"taxonomy":"product_cat","embeddable":true,"href":"https:\/\/www.buchstart.at\/materialien\/index.php?rest_route=%2Fwp%2Fv2%2Fproduct_cat&post=352"},{"taxonomy":"product_tag","embeddable":true,"href":"https:\/\/www.buchstart.at\/materialien\/index.php?rest_route=%2Fwp%2Fv2%2Fproduct_tag&post=352"}],"curies":[{"name":"wp","href":"https:\/\/api.w.org\/{rel}","templated":true}]}}

<p>Helga Bansch</p>
<p>Im Rabennest, hoch oben auf dem Baum, ist einiges los – die Jungen schlüpfen! Sie werden gefüttert, wachsen und krächzen um die Wette. Eines der Kinder sieht völlig anders aus als die anderen. Es hat keine Federn und kann nicht fliegen. „Unsere kleine Rosa“, sagt Mama liebevoll.<br />
Die Bewohner aus der Umgebung sind hilfreich und sagen, was alles zu tun ist, damit Rosa so wird wie ihre Geschwister. Aber Rosa wird das bald zu dumm. Sie entdeckt, dass sie eigene Fähigkeiten hat und dass sich – wenn sie offen auf andere zugeht – ganz neue Welten für sie auftun. Ab 4 Jahren<br />
/  DVD</p>
<p><span style="color: #ff0000;">Verleihkonditionen:</span></p>
<p><span style="color: #ff0000;">Mitgliedsbibliotheken können bis zu zwei Bilderbuchkinos gleichzeitig entlehnen. Die Entlehnfrist beträgt 14 Tage. Bitte vermerken Sie in den Bestellnotizen bis zu welchem Zeitpunkt das Bilderbuchkino bei Ihnen eingelangt sein sollte. Nach Absenden Ihrer Anfrage prüfen wir die Verfügbarkeit und senden Ihnen ein Bestätigungsmail. Die Kosten für die Zusendung übernimmt das Österreichische Bibliothekswerk, das Porto für die Rücksendung trägt Ihre Bibliothek.</span></p>
