{"id":351,"date":"2017-11-15T16:12:22","date_gmt":"2017-11-15T15:12:22","guid":{"rendered":"http:\/\/www.buchstart.at\/materialien\/?post_type=product&#038;p=351"},"modified":"2017-12-14T08:50:57","modified_gmt":"2017-12-14T07:50:57","slug":"die-geschichte-vom-weihnachtsgloeckchen","status":"publish","type":"product","link":"https:\/\/www.buchstart.at\/materialien\/?product=die-geschichte-vom-weihnachtsgloeckchen","title":{"rendered":"Die Geschichte vom Weihnachtsgl\u00f6ckchen"},"content":{"rendered":"<p>Rolf Krenzer, Maja Dus\u00edkov\u00e1<\/p>\n<p>Das Hirtenm\u00e4dchen Rahel aus Betlehem findet ein kleines, silbernes Gl\u00f6ckchen. Als in einem nahen Stall ein Kind geboren wird und die Engel das himmlische Ereignis \u00fcberall verk\u00fcnden, wei\u00df sie, wof\u00fcr sie das Gl\u00f6ckchen gefunden hat. Sie schenkt es dem Kind. Ab 3 Jahren<br \/>\n\/\u00a0 DVD<\/p>\n<div align=\"left\"><span style=\"color: #ff0000; font-family: Calibri; font-size: small;\">Verleihkonditionen:<\/span><\/div>\n<div align=\"left\"><span style=\"color: #ff0000; font-family: Calibri; font-size: small;\">Mitgliedsbibliotheken k\u00f6nnen bis zu zwei Bilderbuchkinos gleichzeitig entlehnen.<\/span><\/div>\n<div align=\"left\"><span style=\"color: #ff0000; font-family: Calibri; font-size: small;\">Die Entlehnfrist betr\u00e4gt 14 Tage. Bitte vermerken Sie in den Bestellnotizen bis zu welchem Zeitpunkt das Bilderbuchkino bei Ihnen eingelangt sein sollte.<\/span><\/div>\n<div align=\"left\"><span style=\"color: #ff0000; font-family: Calibri; font-size: small;\">Nach Absenden Ihrer Anfrage pr\u00fcfen wir die Verf\u00fcgbarkeit und senden Ihnen ein Best\u00e4tigungsmail.<\/span><\/div>\n<div align=\"left\"><span style=\"color: #ff0000; font-family: Calibri; font-size: small;\">Die Kosten f\u00fcr die Zusendung \u00fcbernimmt das \u00d6sterreichische Bibliothekswerk, das Porto f\u00fcr die R\u00fccksendung tr\u00e4gt Ihre Bibliothek.<\/span><\/div>\n","protected":false},"excerpt":{"rendered":"<p>Verleih<\/p>\n","protected":false},"featured_media":348,"template":"","meta":[],"product_cat":[53],"product_tag":[],"_links":{"self":[{"href":"https:\/\/www.buchstart.at\/materialien\/index.php?rest_route=\/wp\/v2\/product\/351"}],"collection":[{"href":"https:\/\/www.buchstart.at\/materialien\/index.php?rest_route=\/wp\/v2\/product"}],"about":[{"href":"https:\/\/www.buchstart.at\/materialien\/index.php?rest_route=\/wp\/v2\/types\/product"}],"wp:featuredmedia":[{"embeddable":true,"href":"https:\/\/www.buchstart.at\/materialien\/index.php?rest_route=\/wp\/v2\/media\/348"}],"wp:attachment":[{"href":"https:\/\/www.buchstart.at\/materialien\/index.php?rest_route=%2Fwp%2Fv2%2Fmedia&parent=351"}],"wp:term":[{"taxonomy":"product_cat","embeddable":true,"href":"https:\/\/www.buchstart.at\/materialien\/index.php?rest_route=%2Fwp%2Fv2%2Fproduct_cat&post=351"},{"taxonomy":"product_tag","embeddable":true,"href":"https:\/\/www.buchstart.at\/materialien\/index.php?rest_route=%2Fwp%2Fv2%2Fproduct_tag&post=351"}],"curies":[{"name":"wp","href":"https:\/\/api.w.org\/{rel}","templated":true}]}}

Die Geschichte vom Weihnachtsglöckchen

<p>Rolf Krenzer, Maja Dusíková</p>
<p>Das Hirtenmädchen Rahel aus Betlehem findet ein kleines, silbernes Glöckchen. Als in einem nahen Stall ein Kind geboren wird und die Engel das himmlische Ereignis überall verkünden, weiß sie, wofür sie das Glöckchen gefunden hat. Sie schenkt es dem Kind. Ab 3 Jahren<br />
/  DVD</p>
<div align="left"><span style="color: #ff0000; font-family: Calibri; font-size: small;">Verleihkonditionen:</span></div>
<div align="left"><span style="color: #ff0000; font-family: Calibri; font-size: small;">Mitgliedsbibliotheken können bis zu zwei Bilderbuchkinos gleichzeitig entlehnen.</span></div>
<div align="left"><span style="color: #ff0000; font-family: Calibri; font-size: small;">Die Entlehnfrist beträgt 14 Tage. Bitte vermerken Sie in den Bestellnotizen bis zu welchem Zeitpunkt das Bilderbuchkino bei Ihnen eingelangt sein sollte.</span></div>
<div align="left"><span style="color: #ff0000; font-family: Calibri; font-size: small;">Nach Absenden Ihrer Anfrage prüfen wir die Verfügbarkeit und senden Ihnen ein Bestätigungsmail.</span></div>
<div align="left"><span style="color: #ff0000; font-family: Calibri; font-size: small;">Die Kosten für die Zusendung übernimmt das Österreichische Bibliothekswerk, das Porto für die Rücksendung trägt Ihre Bibliothek.</span></div>
