{"id":1834,"date":"2022-07-12T12:18:09","date_gmt":"2022-07-12T10:18:09","guid":{"rendered":"http:\/\/www.buchstart.at\/materialien\/?post_type=product&#038;p=1834"},"modified":"2022-07-12T16:14:10","modified_gmt":"2022-07-12T14:14:10","slug":"lese-rezepte-rezeptblock-2-stueck","status":"publish","type":"product","link":"https:\/\/www.buchstart.at\/materialien\/?product=lese-rezepte-rezeptblock-2-stueck","title":{"rendered":"Lese-Rezepte Rezeptblock (2 St\u00fcck)"},"content":{"rendered":"<p>2 Rezeptbl\u00f6cke \u00e1 50 Blatt als Erg\u00e4nzung zum Leserezept-Paket<\/p>\n<p>&nbsp;<\/p>\n","protected":false},"excerpt":{"rendered":"<p>2 Rezeptbl\u00f6cke \u00e1 50 Blatt als Erg\u00e4nzung zum Leserezept-Paket &nbsp;<\/p>\n","protected":false},"featured_media":1836,"template":"","meta":[],"product_cat":[79,51],"product_tag":[],"_links":{"self":[{"href":"https:\/\/www.buchstart.at\/materialien\/index.php?rest_route=\/wp\/v2\/product\/1834"}],"collection":[{"href":"https:\/\/www.buchstart.at\/materialien\/index.php?rest_route=\/wp\/v2\/product"}],"about":[{"href":"https:\/\/www.buchstart.at\/materialien\/index.php?rest_route=\/wp\/v2\/types\/product"}],"wp:featuredmedia":[{"embeddable":true,"href":"https:\/\/www.buchstart.at\/materialien\/index.php?rest_route=\/wp\/v2\/media\/1836"}],"wp:attachment":[{"href":"https:\/\/www.buchstart.at\/materialien\/index.php?rest_route=%2Fwp%2Fv2%2Fmedia&parent=1834"}],"wp:term":[{"taxonomy":"product_cat","embeddable":true,"href":"https:\/\/www.buchstart.at\/materialien\/index.php?rest_route=%2Fwp%2Fv2%2Fproduct_cat&post=1834"},{"taxonomy":"product_tag","embeddable":true,"href":"https:\/\/www.buchstart.at\/materialien\/index.php?rest_route=%2Fwp%2Fv2%2Fproduct_tag&post=1834"}],"curies":[{"name":"wp","href":"https:\/\/api.w.org\/{rel}","templated":true}]}}