{"id":1283,"date":"2020-12-04T12:41:38","date_gmt":"2020-12-04T11:41:38","guid":{"rendered":"http:\/\/www.buchstart.at\/materialien\/?post_type=product&#038;p=1283"},"modified":"2021-01-25T14:47:29","modified_gmt":"2021-01-25T13:47:29","slug":"mint-aktionsbox","status":"publish","type":"product","link":"https:\/\/www.buchstart.at\/materialien\/?product=mint-aktionsbox","title":{"rendered":"MINT-Aktionsbox"},"content":{"rendered":"<p>Die MINT-Aktionsbox \u00f6ffnet den Einstieg in sieben Themenfelder: Schriftsysteme, Wasser, Magnetismus, S\u00e4uren &amp; Basen, Akustik, Licht, Wind. In einfachen Versuchen werden die Naturgesetze unserer Welt erfahrbar, im Hinblick auf nachhaltiges Handeln erl\u00e4utert und mit Buchtipps erg\u00e4nzt.<\/p>\n<p>Die beiliegende Brosch\u00fcre f\u00fchrt an die Themen heran, erkl\u00e4rt die Versuche und bietet weiterf\u00fchrende Impulse.<\/p>\n<p>Inhalt: 2 Brailletafeln mit Griffel, 50 Lesezeichen, 2 Pk. Aktivkohlefilter, 1 Plexiglas-Prisma, 2 Flaschentornados, 2 Magnete, 1 Heft mit 80 Lackmusstreifen, 1 Metallspirale, 1 Begleitbrosch\u00fcre<\/p>\n<p>Ma\u00dfe: 25 x 18 x 5 cm<\/p>\n","protected":false},"excerpt":{"rendered":"<p>Eine F\u00fclle an Versuchsm\u00f6glichkeiten &#8211; einfache und wirkungsvolle Experimente aus sieben Themenfeldern<\/p>\n","protected":false},"featured_media":1286,"template":"","meta":[],"product_cat":[51,78],"product_tag":[75,74,77,76],"_links":{"self":[{"href":"https:\/\/www.buchstart.at\/materialien\/index.php?rest_route=\/wp\/v2\/product\/1283"}],"collection":[{"href":"https:\/\/www.buchstart.at\/materialien\/index.php?rest_route=\/wp\/v2\/product"}],"about":[{"href":"https:\/\/www.buchstart.at\/materialien\/index.php?rest_route=\/wp\/v2\/types\/product"}],"wp:featuredmedia":[{"embeddable":true,"href":"https:\/\/www.buchstart.at\/materialien\/index.php?rest_route=\/wp\/v2\/media\/1286"}],"wp:attachment":[{"href":"https:\/\/www.buchstart.at\/materialien\/index.php?rest_route=%2Fwp%2Fv2%2Fmedia&parent=1283"}],"wp:term":[{"taxonomy":"product_cat","embeddable":true,"href":"https:\/\/www.buchstart.at\/materialien\/index.php?rest_route=%2Fwp%2Fv2%2Fproduct_cat&post=1283"},{"taxonomy":"product_tag","embeddable":true,"href":"https:\/\/www.buchstart.at\/materialien\/index.php?rest_route=%2Fwp%2Fv2%2Fproduct_tag&post=1283"}],"curies":[{"name":"wp","href":"https:\/\/api.w.org\/{rel}","templated":true}]}}